 of 4887?
True
Is 7 a factor of 2947?
True
Is 15 a factor of 180?
True
Does 16 divide 39537?
False
Does 44 divide 2635?
False
Does 38 divide 18088?
True
Is 18 a factor of 11208?
False
Does 37 divide 514?
False
Does 14 divide 11041?
False
Is 30 a factor of 5463?
False
Does 119 divide 8687?
True
Is 114 a factor of 21310?
False
Is 11 a factor of 2578?
False
Is 300 a multiple of 6?
True
Is 12 a factor of 2364?
True
Is 16 a factor of 1152?
True
Is 4108 a multiple of 24?
False
Does 2 divide 52?
True
Is 38966 a multiple of 216?
False
Does 14 divide 364?
True
Is 15 a factor of 2175?
True
Is 474 a multiple of 7?
False
Is 770 a multiple of 22?
True
Does 5 divide 95?
True
Is 64 a factor of 3774?
False
Is 135680 a multiple of 16?
True
Does 138 divide 2346?
True
Is 15884 a multiple of 44?
True
Is 37 a factor of 4006?
False
Does 61 divide 15738?
True
Is 1449 a multiple of 23?
True
Is 9 a factor of 10881?
True
Does 92 divide 7452?
True
Is 10 a factor of 9756?
False
Is 19460 a multiple of 231?
False
Does 6 divide 78?
True
Is 51 a factor of 204?
True
Is 40 a factor of 400?
True
Is 9 a factor of 762?
False
Is 9 a factor of 18063?
True
Is 83 a factor of 5644?
True
Is 4991 a multiple of 31?
True
Is 4 a factor of 1046?
False
Is 154 a multiple of 22?
True
Is 3782 a multiple of 8?
False
Is 2210 a multiple of 10?
True
Does 11 divide 3926?
False
Does 60 divide 3813?
False
Is 2 a factor of 228?
True
Is 2028 a multiple of 26?
True
Is 229 a multiple of 132?
False
Is 3277 a multiple of 3?
False
Is 55521 a multiple of 52?
False
Does 77 divide 27531?
False
Is 23 a factor of 805?
True
Does 11 divide 649?
True
Is 76 a factor of 1900?
True
Is 98 a factor of 13339?
False
Is 35 a multiple of 5?
True
Is 59 a factor of 2309?
False
Does 140 divide 12740?
True
Does 51 divide 104?
False
Is 650 a multiple of 44?
False
Is 1776 a multiple of 48?
True
Does 35 divide 19799?
False
Is 38 a factor of 3686?
True
Is 58 a factor of 6438?
True
Does 70 divide 4306?
False
Does 5 divide 14905?
True
Is 5 a factor of 1225?
True
Is 3285 a multiple of 7?
False
Is 19 a factor of 5432?
False
Does 12 divide 5338?
False
Does 19 divide 1596?
True
Does 28 divide 199?
False
Is 8181 a multiple of 101?
True
Is 14 a factor of 18?
False
Is 5694 a multiple of 26?
True
Is 2753 a multiple of 27?
False
Is 107 a factor of 1366?
False
Is 650 a multiple of 50?
True
Does 41 divide 5321?
False
Does 63 divide 504?
True
Is 5047 a multiple of 49?
True
Is 277 a multiple of 45?
False
Is 1056 a multiple of 96?
True
Does 31 divide 1578?
False
Is 18 a factor of 54?
True
Is 9 a factor of 6833?
False
Is 19 a factor of 1178?
True
Is 83 a factor of 338?
False
Is 13 a factor of 631?
False
Does 4 divide 4279?
False
Does 13 divide 7150?
True
Does 18 divide 192?
False
Is 665 a multiple of 35?
True
Is 14 a factor of 119308?
True
Does 86 divide 11180?
True
Does 61 divide 329?
False
Is 154 a factor of 14938?
True
Does 29 divide 841?
True
Is 55 a factor of 54560?
True
Does 10 divide 4925?
False
Does 16 divide 1952?
True
Is 21 a factor of 5754?
True
Does 3 divide 271?
False
Is 7 a factor of 3482?
False
Is 69 a factor of 5589?
True
Is 6216 a multiple of 60?
False
Does 138 divide 46332?
False
Does 6 divide 768?
True
Does 4 divide 24843?
False
Is 44 a factor of 1188?
True
Is 1344 a multiple of 11?
False
Does 20 divide 40?
True
Is 126 a multiple of 21?
True
Is 1782 a multiple of 11?
True
Does 5 divide 1163?
False
Does 18 divide 48427?
False
Does 27 divide 432?
True
Is 2039 a multiple of 12?
False
Is 3696 a multiple of 16?
True
Is 2 a factor of 299?
False
Is 105 a factor of 525?
True
Is 24 a factor of 992?
False
Does 17 divide 233?
False
Is 59 a factor of 3789?
False
Does 33 divide 754?
False
Is 12 a factor of 24?
True
Does 12 divide 1008?
True
Is 2416 a multiple of 10?
False
Does 13 divide 414?
False
Does 53 divide 2690?
False
Does 42 divide 5744?
False
Is 2761 a multiple of 72?
False
Is 8 a factor of 2955?
False
Is 23 a factor of 1092?
False
Does 37 divide 407?
True
Does 39 divide 3861?
True
Does 81 divide 8424?
True
Is 19782 a multiple of 157?
True
Is 84 a factor of 2268?
True
Is 164 a factor of 9152?
False
Does 17 divide 332?
False
Is 13244 a multiple of 22?
True
Is 126 a factor of 1890?
True
Is 86 a factor of 63653?
False
Is 2033 a multiple of 17?
False
Is 5591 a multiple of 33?
False
Is 80 a factor of 6975?
False
Is 4755 a multiple of 15?
True
Is 162 a multiple of 8?
False
Does 92 divide 7662?
False
Does 53 divide 583?
True
Is 94 a multiple of 16?
False
Is 68 a factor of 6961?
False
Does 24 divide 797?
False
Is 556 a multiple of 71?
False
Does 231 divide 54466?
False
Is 1040 a multiple of 40?
True
Is 5304 a multiple of 12?
True
Does 33 divide 33691?
False
Does 23 divide 18423?
True
Does 4 divide 92?
True
Is 13301 a multiple of 47?
True
Does 53 divide 89941?
True
Is 253 a multiple of 15?
False
Is 9 a factor of 3315?
False
Is 1058 a multiple of 25?
False
Is 91423 a multiple of 147?
False
Does 12 divide 3096?
True
Does 32 divide 299?
False
Is 6192 a multiple of 8?
True
Is 4931 a multiple of 14?
False
Is 24 a factor of 72?
True
Does 214 divide 6614?
False
Does 4 divide 1548?
True
Does 13 divide 1031?
False
Does 30 divide 690?
True
Is 10 a factor of 74?
False
Is 4432 a multiple of 16?
True
Is 322 a multiple of 7?
True
Is 1740 a multiple of 15?
True
Is 59 a factor of 4605?
False
Does 8 divide 11534?
False
Is 2129 a multiple of 12?
False
Is 28 a factor of 476?
True
Is 5799 a multiple of 51?
False
Does 98 divide 4214?
True
Is 3774 a multiple of 111?
True
Is 3075 a multiple of 75?
True
Is 5 a factor of 510?
True
Is 629 a multiple of 17?
True
Is 139 a multiple of 4?
False
Does 33 divide 23463?
True
Is 2 a factor of 6?
True
Is 3 a factor of 151?
False
Is 8 a factor of 768?
True
Does 9 divide 360?
True
Is 21640 a multiple of 5?
True
Is 35568 a multiple of 26?
True
Does 75 divide 2550?
True
Is 167 a multiple of 3?
False
Is 7 a factor of 1141?
True
Is 120 a factor of 9279?
False
Does 20 divide 3620?
True
Is 18311 a multiple of 7?
False
Does 133 divide 60781?
True
Is 114 a factor of 19380?
True
Is 25 a factor of 2520?
False
Is 19 a factor of 551?
True
Does 7 divide 9135?
True
Is 18761 a multiple of 6?
False
Is 9 a factor of 22314?
False
Is 19 a factor of 284?
False
Is 16 a factor of 4262?
False
Does 15 divide 25052?
False
Is 9 a factor of 2112?
False
Is 12 a factor of 5760?
True
Is 10 a factor of 601?
False
Does 43 divide 4257?
True
Is 79 a multiple of 19?
False
Does 21 divide 450?
False
Is 215 a multiple of 35?
False
Is 12 a factor of 3783?
False
Is 194 a factor of 28723?
False
Is 21 a factor of 546?
True
Is 1427 a multiple of 17?
False
Is 79872 a multiple of 11?
False
Is 1480 a multiple of 74?
True
Is 13 a factor of 2314?
True
Is 8 a factor of 840?
True
Is 21 a factor of 2916?
False
Is 8 a factor of 9350?
False
Is 9 a factor of 1975?
False
Is 132 a factor of 53064?
True
Is 4511 a multiple of 13?
True
Does 11 divide 11429?
True
Is 698 a multiple of 18?
False
Is 158332 a multiple of 23?
True
Does 59 divide 1298?
True
Is 2840 a multiple of 20?
True
Is 30 a factor of 514?
False
Is 4 a factor of 2620?
True
Does 4 divide 736?
True
Does 26 divide 6058?
True
Is 94 a multiple of 6?
False
Does 13 divide 73?
False
Is 285 a multiple of 15?
True
Is 78 a factor of 693?
False
Does 22 divide 3894?
True
Is 12 a factor of 7116?
True
Does 10 divide 200?
True
Does 9 divide 4014?
True
Does 18 divide 10742?
False
Does 14 divide 4494?
True
Is 10 a factor of 25803?
False
Is 25331 a multiple of 347?
True
Does 15 divide 29070?
True
Is 37 a factor of 8568?
False
Is 247 even?
False
Is 1181 a multiple of 7?
False
Does 56 divide 112?
True
Is 24 a factor of 3674?
False
Is 64 a factor of 5067?
False
Is 11559 a multiple of 44?
False
Is 1045 a multiple of 21?
False
Does 223 divide 62522?
False
Does 8 divide 226?
False
Is 4 a factor of 448?
True
Does 6 divide 18251?
False
Is 112 a factor of 25088?
True
Is 2 a factor of 46?
True
Is 10734 a multiple of 18?
False
Is 56 a factor of 40880?
True
Is 155 a factor of 25286?
False
Does 14 divide 406?
True
Does 62 divide 605?
False
Is 291 a multiple of 2?
False
Is 8 a factor of 20?
False
Is 580 a multiple of 29?
True
Is 55 a factor of 5665?
True
Does 10 divide 469?
False
Does 27 divide 27155?
False
Does 15 divide 6675?
True
Is 975 a multiple of